**3 + b**2/2 + 2*b - 6. Let k be q(-4). Let h = 47 + -27. Calculate the highest common divisor of k and h.
10
Suppose 1748 = -10*v + 1768. Let t = -18 - -32. Calculate the greatest common divisor of t and v.
2
Suppose -2*n = 2*n - 32. Let a be 1/(-5) + (-4941)/(-305). What is the highest common factor of n and a?
8
Let w(g) = 20*g - 105. Let r be w(7). What is the greatest common factor of 14 and r?
7
Let s(h) = -2*h + 16. Let t be s(8). Suppose t = -9*o + 36 + 261. Calculate the greatest common divisor of 22 and o.
11
Let f be (-84)/(-16) - (-2)/(-8). Suppose 15 - 50 = -f*p. Suppose -2*b = d - 11, -2*d = 4*b - p*b + 6. What is the highest common divisor of 32 and b?
4
Suppose -5*z - 420 = 3*v, 0*z + 3*z = 0. Let b be v/12*1*-3. Calculate the highest common factor of b and 35.
35
Suppose 2*y = 46 - 4. Let g be (-3963)/(-21) - 16/(-56). Calculate the greatest common divisor of y and g.
21
Suppose 0 = 2*v + 2, 0 = y - 10*v + 8*v - 19. Calculate the highest common divisor of y and 51.
17
Let f = 925 + -913. Let v be (14 - -2)*30/8. Calculate the highest common divisor of f and v.
12
Suppose -3*i - 3*j + 2037 = 2*i, -i - 2*j + 406 = 0. What is the highest common factor of i and 476?
68
Let s = 0 + 1. Let y be 3 - (1 + s + -5). Let w(c) = 3*c**2 - 8*c + 8. Let l be w(y). What is the greatest common divisor of 17 and l?
17
Let u(p) = -2*p**3 - 7*p**2 - 10*p - 38. Let v be u(-9). What is the highest common divisor of v and 41?
41
Suppose -2*p - 10 = 0, 2*m + 3*m + 2*p + 30 = 0. Let r be (-20)/8 - 478/m. What is the greatest common divisor of 9 and r?
9
Let q(t) = -5*t**2 + 32*t. Let f be q(6). What is the highest common divisor of f and 204?
12
Suppose -8*v = -1480 + 400. Calculate the highest common factor of v and 108.
27
Suppose -846*s + 758*s + 88 = 0. Let w be 18 - (1 + -1 + 2). What is the highest common divisor of s and w?
1
Let h(b) = b**2 + 14*b - 12. Let c be h(-12). Let k = c + 234. Calculate the highest common divisor of 18 and k.
18
Let d(l) = l + 6. Let i be d(7). Suppose -i - 39 = -2*p. Let q(g) = -24*g + 22. Let v be q(-11). Calculate the highest common factor of v and p.
26
Suppose -7 = -u + 4*i, 0 = u - 3*i - 2. Let d(h) = h**2 + 13*h + 9. Let z be d(u). What is the highest common divisor of z and 72?
9
Suppose 7*u - 6 = 9*u, -3*d + 4*u = -273. What is the highest common factor of 435 and d?
87
Suppose 3*i = 7 - 16. Let g be 3/((9/(-115))/i). What is the highest common divisor of 23 and g?
23
Suppose -20*r + 17*r + 293 = 4*t, t = 5*r + 102. Calculate the greatest common factor of 7 and t.
7
Suppose -90 = -5*k + m - 5*m, -k + 9 = -m. Calculate the highest common factor of k and 28.
14
Let c = 94 - 48. Suppose c = -o + 3*o. Calculate the greatest common divisor of o and 92.
23
Suppose 4*n - 67 + 23 = 0. Suppose n*b - 6*b = 35. Let l(q) = 2*q + 4. Let f be l(b). Calculate the greatest common divisor of 12 and f.
6
Suppose 2*o - 19 - 41 = 0. Suppose 210 = z - 7*a + 2*a, -420 = -2*z + 4*a. What is the greatest common divisor of z and o?
30
Suppose 3*n = -4*z + 123, 7*z = 3*n + 2*z - 150. What is the greatest common divisor of 5 and n?
5
Let c(q) = q**3 - 4*q**2 - 6*q + 5. Let s be c(5). Suppose 21 = -s*m + m. Suppose 404*w - 407*w + 21 = 0. What is the greatest common factor of w and m?
7
Suppose 7*w + w = 288. Suppose -7*b = 134 - 638. What is the highest common factor of w and b?
36
Suppose 380 = 4*t + 36. Suppose 2*q = t + 224. What is the highest common factor of 62 and q?
31
Let f(t) be the first derivative of 7*t**3/3 - t + 3. Let z be f(2). Let n = 235 + -226. What is the highest common divisor of z and n?
9
Suppose y + y = -4*u + 14, -2*u + y + 9 = 0. Suppose -42 - 478 = -u*h. Suppose -14 = -3*c + h. Calculate the greatest common factor of 16 and c.
16
Suppose -2*d + 720 = -6*d. Let y be 1/7 + d/(-14). What is the greatest common factor of y and 39?
13
Suppose -573 = -82*j + 739. Let p(a) = -15*a + 5. Let h be p(-5). Calculate the highest common factor of h and j.
16
Suppose 282 = 12*r - 6. Calculate the greatest common divisor of r and 144.
24
Let f = 93 + -93. Suppose 5*g - g - 408 = f. Calculate the greatest common divisor of 6 and g.
6
Suppose -2*v + 62 = 3*v + 3*g, -4*g = -5*v + 34. Let c = 16 - v. Let h(y) = y**2 - 6*y + 2. Let n be h(c). Calculate the highest common divisor of 1 and n.
1
Let q = 15 - -4. Let s = q + -10. Suppose -4*p = -2*p - 18. Calculate the greatest common factor of p and s.
9
Let m = 239 + 86. Let n = -193 + m. What is the highest common factor of n and 12?
12
Let z = 103 - 53. Let m = -2007 - -2257. What is the highest common divisor of z and m?
50
Suppose 2*h - 1524 = -4*k, -2*h - 307 - 449 = -2*k. What is the greatest common divisor of k and 40?
20
Let f be (-6 - 4)/(8/(-4)). Suppose -2*c - 189 = -f*o - 4*c, 0 = -4*o + 3*c + 165. Calculate the highest common factor of 26 and o.
13
Let f(m) = m**3 + 10*m**2 + 17*m - 12. Let r be f(-6). What is the highest common factor of r and 70?
10
Let q(r) = -3*r - 12. Let x be -18 - ((-2)/(-2) - 5). Let f be q(x). Let m be (30 + 0)/((-10)/(-5)). What is the greatest common divisor of m and f?
15
Let j = 838 + -778. Calculate the greatest common factor of 160 and j.
20
Let l be (10/(-4))/((-4)/56). Let f = -20 + l. What is the greatest common divisor of f and 120?
15
Let l = 400 - 260. What is the greatest common divisor of l and 336?
28
Let z(h) = -156*h - 619. Let s be z(-8). Calculate the greatest common factor of 119 and s.
17
Let y = 551 + -546. What is the highest common divisor of y and 10?
5
Suppose -4*x = -36 - 132. Suppose -317 = -3*f - 65. What is the greatest common factor of f and x?
42
Suppose i - 12*i = -44. Suppose 46 = 4*a + 3*t, i = 2*a + 5*t - 12. Calculate the highest common divisor of a and 65.
13
Suppose 4*d - 1 + 5 = -3*u, 0 = -3*d + 4*u + 22. Suppose y + 651 = d*i + i, -3*i + 633 = 5*y. Calculate the greatest common factor of i and 27.
27
Let l = -932 + 971. Calculate the greatest common factor of l and 39.
39
Let a be (-21)/(-6)*2*1. Let g(z) = z + 6. Let x be g(6). Let m be 98*3*2/x. What is the highest common divisor of m and a?
7
Suppose x + 3*q - 4 = 8, 0 = 3*x + 3*q - 12. Suppose n + 393 = 4*d, x = -n + 3 - 0. Calculate the greatest common factor of 9 and d.
9
Let f be (-1 - -8) + 38 + -37. Let m be -36*-1*(-6)/(-9). What is the greatest common factor of m and f?
8
Suppose -2*l + 753 = -h, 0 = 4*l + h + h - 1486. Suppose 0 = -5*v + 3*v + l. Calculate the greatest common factor of 17 and v.
17
Let c be 3 + (2 - 3)/(2/(-6)). Suppose -c*u + 2*u = 2*r - 978, 2*r = -5*u + 1224. What is the greatest common factor of u and 41?
41
Suppose -3*a + 4 + 5 = 0. Suppose -7 = -x - 2*y, -4*x + a*y + 28 = y. Calculate the greatest common factor of 56 and x.
7
Let a be ((-1)/((-5)/15))/1. Let k(i) = i**2 - i**3 + 2*i**3 + 0*i**2 + 2*i + 2 - 4*i**2. Let d be k(a). What is the highest common divisor of 88 and d?
8
Suppose -o = 3*w + 2*o - 183, -5*o = 15. Suppose -t = -4*h + w, -3*h + t + 66 = 18. What is the greatest common factor of 8 and h?
8
Suppose -5*a = -3*m + 1707, 3*m - 62*a = -67*a + 1677. What is the highest common divisor of m and 60?
12
Let p(d) be the first derivative of -d**3/3 - 7*d**2/2 + 2*d - 10. Let n be p(-6). Calculate the highest common factor of n and 56.
8
Suppose -2*s = -4*k + 3*k + 34, 3*s = -2*k + 96. Suppose 0 = -3*a, -5*v - 31*a = -34*a - 105. What is the greatest common factor of k and v?
21
Let s(c) = -183*c - 82. Let i be s(-6). What is the greatest common divisor of 16 and i?
8
Let u = -898 + 978. What is the greatest common divisor of u and 10?
10
Suppose 3*y + 155 = -3*q - 175, -119 = q - 2*y. Let d = q + 211. What is the greatest common divisor of 42 and d?
14
Suppose u + 2 = -23. Let x(r) = 35*r**2 + 2*r + 1. Let h be x(2). Let y = h - u. What is the greatest common divisor of 34 and y?
34
Let l be ((-78)/(-18) + -5)/((-4)/(-6)). Let z be (l - -4) + (1 - -70). Calculate the greatest common divisor of z and 37.
37
Let o = 25 + -12. Let z be 104/5*(-65)/(-26). What is the greatest common divisor of o and z?
13
Suppose -4*x + 5*b - 171 = 0, -5*x - 2*b - 206 = -x. Let g be (-2)/7 - 14/x. Let y be (g - 16 - -1)*-3. What is the greatest common divisor of y and 18?
9
Let c be 3*(-1)/(-2 + 1). Let v be 1/((-111)/(-637) 